{"id":5,"date":"2023-06-11T15:25:15","date_gmt":"2023-06-11T15:25:15","guid":{"rendered":"https:\/\/clerc-grimm.ch\/?page_id=5"},"modified":"2025-09-28T12:29:35","modified_gmt":"2025-09-28T12:29:35","slug":"home","status":"publish","type":"page","link":"https:\/\/clerc-grimm.ch\/","title":{"rendered":"Ergoth\u00e9rapeute HES"},"content":{"rendered":"\n<div class=\"wp-block-columns is-layout-flex wp-container-core-columns-is-layout-d458a907 wp-block-columns-is-layout-flex\" style=\"padding-right:30px;padding-left:30px\">\n<div class=\"wp-block-column is-vertically-aligned-center is-layout-flow wp-block-column-is-layout-flow\" style=\"flex-basis:30%\">\n<h2 class=\"wp-block-heading has-black-color has-text-color\" style=\"font-size:44px;font-style:normal;font-weight:600;line-height:1\"><strong>Gis\u00e8le Clerc-Grimm<\/strong><\/h2>\n\n\n\n<h6 class=\"wp-block-heading has-text-color\" style=\"color:#8a8a8a;font-style:normal;font-weight:400;line-height:1;text-transform:uppercase\"><strong>ergoth\u00e9rapeute HES<\/strong><br>sp\u00e9cialis\u00e9e dans le domaine de la sant\u00e9 mentale et de la sant\u00e9 au travail<\/h6>\n\n\n\n<div style=\"height:100px\" aria-hidden=\"true\" class=\"wp-block-spacer\"><\/div>\n\n\n\n<div class=\"wp-block-buttons is-content-justification-center is-layout-flex wp-container-core-buttons-is-layout-5e6b19ed wp-block-buttons-is-layout-flex\">\n<div class=\"wp-block-button\"><a class=\"wp-block-button__link has-background has-small-font-size has-custom-font-size wp-element-button\" href=\"mailto:gisele_grimm@bluewin.ch\" style=\"border-radius:7px;background-color:#f27507\" target=\"_blank\" rel=\"noreferrer noopener\"><i class=\"far fa-envelope\"><\/i> me joindre<\/a><\/div>\n<\/div>\n<\/div>\n\n\n\n<div class=\"wp-block-column is-vertically-aligned-center is-layout-flow wp-block-column-is-layout-flow\" style=\"flex-basis:70%\">\n<div class=\"wp-block-columns is-layout-flex wp-container-core-columns-is-layout-9d6595d7 wp-block-columns-is-layout-flex\">\n<div class=\"wp-block-column is-layout-flow wp-block-column-is-layout-flow\">\n<h2 class=\"wp-block-heading has-text-align-left has-black-color has-text-color has-large-font-size\" style=\"font-style:normal;font-weight:600;text-transform:capitalize\">Pr\u00e9sentation<\/h2>\n<\/div>\n<\/div>\n\n\n\n<p style=\"font-size:16px\">Mon Bachelor HES en ergoth\u00e9rapie se compl\u00e8te de deux autres dipl\u00f4mes : un dipl\u00f4me d\u2019art-th\u00e9rapeute r\u00e9alis\u00e9 \u00e0 l\u2019institut de formation priv\u00e9 L\u2019Atelier \u00e0 Gen\u00e8ve et un Master of Advanced Studies (MAS) en accompagnement du d\u00e9veloppement professionnel et organisationnel, d\u00e9livr\u00e9 par la Haute \u00e9cole p\u00e9dagogique du canton de Vaud (HEP).<\/p>\n\n\n\n<p>Mon activit\u00e9 d\u2019ergoth\u00e9rapeute m\u2019a amen\u00e9 \u00e0 travailler durant 15 ans dans le domaine de la sant\u00e9 mentale, notamment au sein du d\u00e9partement de psychiatrie du CHUV. J\u2019ai \u00e9galement travaill\u00e9 dans le domaine de la protection de l\u2019Adulte et de l\u2019Enfant au sein de la Justice de paix du district de Lausanne, durant 6 ans.<\/p>\n\n\n\n<p>Depuis 2012, je suis \u00e9galement charg\u00e9e d\u2019enseignement \u00e0 la Haute \u00e9cole de travail social et de la sant\u00e9 de Lausanne, j\u2019interviens notamment dans la formation pratique des \u00e9tudiants en Bachelor.<\/p>\n\n\n\n<p style=\"font-size:16px\">L\u2019ensemble de mon parcours professionnel m\u2019a amen\u00e9 \u00e0 intervenir aupr\u00e8s de personnes en souffrance psychique et \u00e9galement aupr\u00e8s de personnes ayant des besoins d\u2019accompagnement dans la sph\u00e8re professionnelle et de la formation.<\/p>\n\n\n\n<div class=\"wp-block-columns is-layout-flex wp-container-core-columns-is-layout-5605b76a wp-block-columns-is-layout-flex\" style=\"padding-top:20px\">\n<div class=\"wp-block-column is-layout-flow wp-block-column-is-layout-flow\">\n<h2 class=\"wp-block-heading has-black-color has-text-color\" style=\"font-size:26px;font-style:normal;font-weight:600;line-height:1;text-transform:capitalize\"><strong>Parcours<\/strong><\/h2>\n\n\n\n<p class=\"has-text-color\" style=\"color:#8a8a8a;font-size:16px;line-height:1\">Master of Advanced Studies (MAS) en accompagnement du d\u00e9veloppement professionnel et organisationnel, HEP Vaud<\/p>\n\n\n\n<p class=\"has-text-color\" style=\"color:#8a8a8a;font-size:16px;line-height:1\">Diploma of Advanced Studies (DAS) en coaching et analyse de pratiques professionnelles, HEP Vaud<\/p>\n\n\n\n<p class=\"has-text-color\" style=\"color:#8a8a8a;font-size:16px;line-height:1\">Dipl\u00f4me d\u2019art-th\u00e9rapeute r\u00e9alis\u00e9 \u00e0 l\u2019institut de formation priv\u00e9 L\u2019Atelier \u00e0 Gen\u00e8ve<\/p>\n\n\n\n<p class=\"has-text-color\" style=\"color:#8a8a8a;font-size:16px;line-height:1\">Bachelor of Science HES\u2060-\u2060SO en Ergoth\u00e9rapie, HETSL<\/p>\n<\/div>\n\n\n\n<div class=\"wp-block-column is-layout-flow wp-block-column-is-layout-flow\">\n<h2 class=\"wp-block-heading has-black-color has-text-color\" style=\"font-size:26px;font-style:normal;font-weight:600;line-height:1;text-transform:capitalize\">Association<\/h2>\n\n\n\n<p class=\"has-text-color\" style=\"color:#8a8a8a;font-size:16px;line-height:1\">Membre de l\u2019association suisse d\u2019ergoth\u00e9rapie ASE. Rubrique ergoth\u00e9rapie en sant\u00e9 mentale et en insertion professionnelle<\/p>\n\n\n\n<div class=\"wp-block-buttons is-layout-flex wp-block-buttons-is-layout-flex\">\n<div class=\"wp-block-button has-custom-width wp-block-button__width-100 is-style-outline is-style-outline--1\"><a class=\"wp-block-button__link has-contrast-3-color has-base-3-background-color has-text-color has-background has-custom-font-size wp-element-button\" href=\"www.ergotherapie.ch\" style=\"border-radius:7px;font-size:15px\" target=\"_blank\" rel=\"noreferrer noopener\">www.ergotherapie.ch<\/a><\/div>\n<\/div>\n<\/div>\n\n\n\n<div class=\"wp-block-column is-layout-flow wp-block-column-is-layout-flow\">\n<figure class=\"wp-block-image size-large has-custom-border is-style-default wp-duotone-rgb666-rgb236245254-2\"><img decoding=\"async\" src=\"https:\/\/clerc-grimm.ch\/wp-content\/uploads\/2023\/06\/DSC_7955_800x1200-683x1024.png\" alt=\"\" class=\"wp-image-141\" style=\"border-radius:5px\"\/><\/figure>\n<\/div>\n<\/div>\n<\/div>\n<\/div>\n\n\n\n<div style=\"height:320px\" aria-hidden=\"true\" class=\"wp-block-spacer\"><\/div>\n","protected":false},"excerpt":{"rendered":"<p>Gis\u00e8le Clerc-Grimm ergoth\u00e9rapeute HESsp\u00e9cialis\u00e9e dans le domaine de la sant\u00e9 mentale et de la sant\u00e9 au travail Pr\u00e9sentation Mon Bachelor HES en ergoth\u00e9rapie se compl\u00e8te de deux autres dipl\u00f4mes : un dipl\u00f4me d\u2019art-th\u00e9rapeute r\u00e9alis\u00e9 \u00e0 l\u2019institut de formation priv\u00e9 L\u2019Atelier \u00e0 Gen\u00e8ve et un Master of Advanced Studies (MAS) en accompagnement du d\u00e9veloppement professionnel et &#8230; <a title=\"Ergoth\u00e9rapeute HES\" class=\"read-more\" href=\"https:\/\/clerc-grimm.ch\/\" aria-label=\"En savoir plus sur Ergoth\u00e9rapeute HES\">Lire la suite<\/a><\/p>\n","protected":false},"author":1,"featured_media":0,"parent":0,"menu_order":0,"comment_status":"closed","ping_status":"closed","template":"","meta":{"footnotes":""},"class_list":["post-5","page","type-page","status-publish"],"_links":{"self":[{"href":"https:\/\/clerc-grimm.ch\/index.php\/wp-json\/wp\/v2\/pages\/5","targetHints":{"allow":["GET"]}}],"collection":[{"href":"https:\/\/clerc-grimm.ch\/index.php\/wp-json\/wp\/v2\/pages"}],"about":[{"href":"https:\/\/clerc-grimm.ch\/index.php\/wp-json\/wp\/v2\/types\/page"}],"author":[{"embeddable":true,"href":"https:\/\/clerc-grimm.ch\/index.php\/wp-json\/wp\/v2\/users\/1"}],"replies":[{"embeddable":true,"href":"https:\/\/clerc-grimm.ch\/index.php\/wp-json\/wp\/v2\/comments?post=5"}],"version-history":[{"count":42,"href":"https:\/\/clerc-grimm.ch\/index.php\/wp-json\/wp\/v2\/pages\/5\/revisions"}],"predecessor-version":[{"id":249,"href":"https:\/\/clerc-grimm.ch\/index.php\/wp-json\/wp\/v2\/pages\/5\/revisions\/249"}],"wp:attachment":[{"href":"https:\/\/clerc-grimm.ch\/index.php\/wp-json\/wp\/v2\/media?parent=5"}],"curies":[{"name":"wp","href":"https:\/\/api.w.org\/{rel}","templated":true}]}}